f 693836?
2, 11, 13, 1213
List the prime factors of 1300860.
2, 3, 5, 11, 73
What are the prime factors of 879052?
2, 219763
What are the prime factors of 3551611?
7, 313, 1621
List the prime factors of 1549060.
2, 5, 73, 1061
What are the prime factors of 731642?
2, 359, 1019
What are the prime factors of 88565?
5, 17713
What are the prime factors of 221155?
5, 11, 4021
What are the prime factors of 8962835?
5, 7, 36583
List the prime factors of 53720.
2, 5, 17, 79
What are the prime factors of 325782?
2, 3, 2011
List the prime factors of 950747.
7, 19403
What are the prime factors of 24054258?
2, 3, 1381, 2903
List the prime factors of 239267.
7, 19, 257
List the prime factors of 807001.
13, 23, 2699
What are the prime factors of 2149470?
2, 3, 5, 19, 419
List the prime factors of 9219100.
2, 5, 11, 17, 29
What are the prime factors of 317243?
19, 59, 283
List the prime factors of 2725063.
11, 23, 10771
What are the prime factors of 191806?
2, 29, 3307
What are the prime factors of 8963358?
2, 3, 199, 7507
List the prime factors of 965665.
5, 193133
What are the prime factors of 12065325?
3, 5, 17, 9463
List the prime factors of 2936472.
2, 3, 7, 11, 227
What are the prime factors of 128189?
128189
List the prime factors of 12474235.
5, 2494847
What are the prime factors of 13810295?
5, 113, 24443
What are the prime factors of 92626?
2, 29, 1597
What are the prime factors of 798112?
2, 7, 509
List the prime factors of 5384680.
2, 5, 7, 19231
What are the prime factors of 5470?
2, 5, 547
List the prime factors of 8326257.
3, 59, 47041
What are the prime factors of 353570?
2, 5, 7, 5051
List the prime factors of 4013811.
3, 89, 5011
What are the prime factors of 8163053?
139, 58727
What are the prime factors of 267419?
267419
What are the prime factors of 1356637?
157, 8641
List the prime factors of 1199596.
2, 499, 601
What are the prime factors of 30143161?
79, 381559
List the prime factors of 374797.
374797
What are the prime factors of 35444704?
2, 53, 20899
What are the prime factors of 9923584?
2, 11, 881
What are the prime factors of 11347492?
2, 13, 47, 4643
List the prime factors of 17980726.
2, 19, 61, 7757
What are the prime factors of 2782076?
2, 11, 53, 1193
List the prime factors of 3838057.
19, 79, 2557
What are the prime factors of 207221?
7, 4229
List the prime factors of 4590314.
2, 1259, 1823
What are the prime factors of 3567071?
113, 31567
What are the prime factors of 2219920?
2, 5, 27749
What are the prime factors of 586939?
586939
List the prime factors of 467579.
7, 66797
List the prime factors of 29930889.
3, 23, 433781
What are the prime factors of 677765?
5, 11, 12323
What are the prime factors of 284690?
2, 5, 7, 83
List the prime factors of 5686703.
11, 516973
What are the prime factors of 33734?
2, 101, 167
What are the prime factors of 3629031?
3, 7, 29, 59, 101
What are the prime factors of 5363653?
17, 53, 5953
What are the prime factors of 1263072?
2, 3, 59, 223
List the prime factors of 2083391.
541, 3851
List the prime factors of 4669208.
2, 583651
What are the prime factors of 292890?
2, 3, 5, 13, 751
What are the prime factors of 6321835?
5, 13, 97259
What are the prime factors of 2854171?
2854171
What are the prime factors of 768208?
2, 7, 19
What are the prime factors of 20629830?
2, 3, 5, 13, 313
What are the prime factors of 11623784?
2, 17, 85469
List the prime factors of 104668.
2, 137, 191
What are the prime factors of 6050515?
5, 1210103
List the prime factors of 3703999.
13, 71, 4013
List the prime factors of 26124.
2, 3, 7, 311
What are the prime factors of 1902144?
2, 3, 9907
What are the prime factors of 3283184?
2, 157, 1307
What are the prime factors of 250718?
2, 13, 9643
List the prime factors of 2383089.
3, 794363
List the prime factors of 12906560.
2, 5, 53, 761
List the prime factors of 7004.
2, 17, 103
List the prime factors of 24309103.
7, 13, 267133
List the prime factors of 945733.
945733
What are the prime factors of 2113751?
43, 49157
List the prime factors of 614008.
2, 23, 47, 71
What are the prime factors of 222733?
7, 47, 677
List the prime factors of 4876262.
2, 941, 2591
List the prime factors of 192203.
11, 101, 173
List the prime factors of 80249.
13, 6173
What are the prime factors of 7057924?
2, 17, 271, 383
List the prime factors of 5663120.
2, 5, 29, 2441
What are the prime factors of 8524716?
2, 3, 827, 859
List the prime factors of 12490582.
2, 13, 31, 15497
List the prime factors of 5918154.
2, 3, 11, 89669
What are the prime factors of 212775?
3, 5, 2837
List the prime factors of 317467.
167, 1901
List the prime factors of 6744994.
2, 29, 116293
What are the prime factors of 19480409?
13, 89, 113, 149
List the prime factors of 14239308.
2, 3, 47, 25247
What are the prime factors of 11601838?
2, 5800919
List the prime factors of 14996313.
3, 555419
What are the prime factors of 1141340?
2, 5, 149, 383
List the prime factors of 366693.
3, 122231
List the prime factors of 957449.
37, 113, 229
List the prime factors of 1243548.
2, 3, 34543
List the prime factors of 1085787.
3, 223, 541
List the prime factors of 187919.
113, 1663
What are the prime factors of 239291?
13, 79, 233
List the prime factors of 1693967.
11, 153997
What are the prime factors of 87052?
2, 7, 3109
What are the prime factors of 176063?
176063
What are the prime factors of 122897?
59, 2083
What are the prime factors of 520888?
2, 65111
List the prime factors of 182628.
2, 3, 19, 89
List the prime factors of 226754.
2, 11, 937
List the prime factors of 308306.
2, 154153
List the prime factors of 11730637.
11730637
List the prime factors of 397857.
3, 132619
List the prime factors of 1059605.
5, 67, 3163
What are the prime factors of 6346475?
5, 19, 31, 431
List the prime factors of 174749.
174749
List the prime factors of 632874.
2, 3, 11, 43, 223
List the prime factors of 462193.
41, 11273
List the prime factors of 996139.
587, 1697
What are the prime factors of 26209?
26209
What are the prime factors of 211566?
2, 3, 37, 953
List the prime factors of 331494.
2, 3, 55249
What are the prime factors of 1538344?
2, 31, 6203
List the prime factors of 1656199.
1656199
What are the prime factors of 506430?
2, 3, 5, 17, 331
What are the prime factors of 3286849?
3286849
What are the prime factors of 26810565?
3, 5, 251, 7121
List the prime factors of 610101.
3, 67789
List the prime factors of 1217810.
2, 5, 11, 11071
List the prime factors of 34513405.
5, 19, 19121
List the prime factors of 277891.
277891
What are the prime factors of 12050061?
3, 233, 17239
List the prime factors of 289059.
3, 96353
List the prime factors of 11800866.
2, 3, 7, 11, 41, 89
What are the prime factors of 224498?
2, 112249
What are the prime factors of 8518506?
2, 3, 157, 9043
What are the prime factors of 196831?
196831
What are the prime factors of 5498472?
2, 3, 7, 23, 1423
List the prime factors of 5103755.
5, 1020751
What are the prime factors of 14274554?
2, 7, 29, 35159
What are the prime factors of 1467112?
2, 183389
List the prime factors of 237455.
5, 47491
List the prime factors of 13289737.
13289737
What are the prime factors of 15029?
7, 19, 113
What are the prime factors of 4128619?
11, 79, 4751
List the prime factors of 16624004.
2, 4156001
What are the prime factors of 899385?
3, 5, 17, 3527
What are the prime factors of 250115?
5, 50023
What are the prime factors of 208191?
3, 29, 2393
What are the prime factors of 5125672?
2, 307, 2087
What are the prime factors of 8537616?
2, 3, 19763
What are the prime factors of 720927?
3, 26701
What are the prime factors of 14394779?
7, 263, 1117
List the prime factors of 3285644.
2, 821411
What are the prime factors of 4126009?
4126009
What are the prime factors of 186534?
2, 3, 43, 241
What are the prime factors of 239827?
7, 34261
List the prime factors of 12611705.
5, 17, 23, 6451
What are the prime factors of 729686?
2, 397, 919
What are the prime factors of 204268?
2, 223, 229
What are the prime factors of 5212398?
2, 3, 23, 107, 353
What are the prime factors of 19944121?
47, 424343
What are the prime factors of 3529276?
2, 163, 5413
List the prime factors of 7190852.
2, 131, 13723
What are the prime factors of 1148512?
2, 19, 1889
What are the prime factors 